26 = -0*h. Let s = 15 - n. What is the units digit of s?
8
Suppose 5*z - 420 - 950 = 0. What is the tens digit of z?
7
Let x(l) = -l**2 - 8*l - 7. Let m be x(-7). What is the units digit of -18*1/(-2) + m?
9
Suppose y + 15 = p + 3*p, 3*y - 40 = -5*p. Suppose 0 = y*h - 4*h. Let w = 2 + h. What is the units digit of w?
2
Suppose -2*x = 2*d + 2, 5*x = -5*d + 4*d - 13. What is the units digit of ((-2)/(-6))/(x/(-153))?
7
Suppose -2 = -y + a + 24, -3*a = y - 6. Suppose -57 + y = -2*o. What is the tens digit of o?
1
Suppose 3*b = b + 8. Let i = b - -10. What is the units digit of i?
4
Suppose 0 = -2*y - 0*y + 118. What is the tens digit of y?
5
Suppose 3*v - 6*v + 90 = 0. What is the tens digit of v?
3
Let p(i) = 2*i**2 + 2*i - 2*i + 4*i + 1 - 5*i. What is the units digit of p(3)?
6
Let d(i) be the second derivative of i**5/20 - i**4/12 - i**3/6 + 15*i**2/2 - i. What is the tens digit of d(0)?
1
Let r be (-30)/4*8/3. Let g = -13 - r. Suppose -2*f = y - g, 3*f + 4*y - 22 = f. What is the units digit of f?
1
Suppose -2*j - 2*r + 0*r = -38, 2*j - 2*r - 26 = 0. What is the tens digit of j?
1
Let m = -17 + 18. Let n = 1 + -2. What is the units digit of (m/n)/((-1)/11)?
1
Let r = -7 - -11. Suppose 3*i - 17 = r. What is the units digit of i?
7
Let s = 74 + 54. Suppose -3*j + 7*j - s = 0. What is the tens digit of j?
3
Suppose 7*d - c = 3*d + 151, -4*c = 4*d - 156. What is the tens digit of d?
3
Let j(c) = c**3 + 8*c**2 + 5*c + 9. Let u be j(-7). Let x = u + -13. Suppose 0 = 2*a + 3*a + 10, z - x = 2*a. What is the units digit of z?
6
Let h(i) = 11*i**2 - 1. Let o be h(1). Suppose -49 = -c - o. Let z = -26 + c. What is the tens digit of z?
1
Suppose -8 = -3*o - c, -3*o + 0*c = -c - 16. Suppose 0 = 5*m + o*n - 55, 27 = 3*m - n - 23. What is the units digit of m?
5
Suppose -4*y + 5 - 1 = 0, 2*d = 3*y - 17. What is the units digit of (-94)/d + 9/(-21)?
3
Suppose 0 = 4*h - 212 - 24. What is the units digit of h?
9
Let i be (-1)/(-4) + 330/24. Let y = i + -7. What is the units digit of y?
7
Suppose -122 = -39*g + 37*g. What is the units digit of g?
1
What is the units digit of -1 - (-7)/(84/(-9))*-4?
2
Let z be (4 - 0) + -1 - 2. Let d = z - 1. Let m = d - -3. What is the units digit of m?
3
Let h = 68 - 36. What is the units digit of h?
2
Suppose -g = -4*t + 538, -2*t + 3*g = -3*t + 128. What is the tens digit of t?
3
Let y(s) = -s. Suppose -h - 3 = 2*h, -5*a = 3*h - 7. Let z be y(a). What is the units digit of (-4)/z - (-2 + 0)?
4
Let r(v) = -v - 4. Let j be r(-4). Suppose -5*t - 2*w + j*w + 42 = 0, -4*t + 3*w + 29 = 0. Suppose 5*p - 17 = t. What is the units digit of p?
5
Suppose 14 = 3*p - 55. What is the units digit of p?
3
Let y = 1 - -1. Let f be ((-2)/(-3))/(2/(-3)). Let i = y + f. What is the units digit of i?
1
Suppose 0*y + 5*y - 58 = 3*q, -3*y - 2*q + 50 = 0. Let v be y*-6*3/(-12). Let d = v - 13. What is the units digit of d?
8
Suppose 0 = -7*o + 4*o + 75. Let f = -22 + o. What is the units digit of f?
3
Suppose -7*b = -132 - 92. Let f be (-1 - -2)*38/2. Let a = b - f. What is the units digit of a?
3
What is the tens digit of ((-8 - -3) + 7)*47/2?
4
Suppose 3 - 21 = 3*d. Let j = 8 + d. Suppose -3*v = -2*x - 49, 4*v - j*x = -0*x + 62. What is the units digit of v?
3
Suppose -5*z + 7 = 2*u, 3*z + 0*z + 3 = 0. Suppose -5*r + 84 = -2*w, u = 2*r + 3*w - 20. Suppose n + r = 3*n. What is the units digit of n?
8
Suppose 6 = -5*h - 2*m - 3, 0 = -4*h - 5*m - 14. Let d = h + -3. Let r(b) = b**3 + 5*b**2 + 3*b. What is the units digit of r(d)?
4
Suppose 3*q - 3*m + 180 = m, q = 5*m - 71. Let y = q - -78. What is the units digit of y?
2
Suppose -105 = -5*s + 620. What is the units digit of s?
5
Let n(v) = -7*v + 21. What is the tens digit of n(-7)?
7
What is the units digit of 5/10 - 110/(-4)?
8
Let u = 1 + 2. Let y be 3/(u/12 - 1). Let r = y - -6. What is the units digit of r?
2
Let y(i) = -2*i**2 + 2*i + 3. Let n(x) = 4 + 14*x**2 - 13*x**2 - 5. Let q(v) = 3*n(v) + y(v). What is the units digit of q(-3)?
3
Let s = 25 - 39. Let k = 0 - s. What is the units digit of k?
4
Let s(j) = j**3 + 11*j**2 + 4*j - 2. What is the units digit of s(-5)?
8
Suppose 2*f + 5*j = 29, 2*j = -2*f + 54 - 10. What is the units digit of f?
7
Let g = -1 - -31. What is the units digit of 70/g + (-4)/(-6)?
3
Suppose 6*s = 2*s + 4. Suppose -2*f - 3*n = -27, 2*n - s = n. What is the tens digit of f?
1
Let u(a) = -a + 3. Let s be u(0). Suppose -14 = -2*q - z + 6*z, -5*z = -s*q + 21. What is the units digit of q?
7
Let b(f) = -7*f - 10. Let s be b(-3). Suppose -a = 7 - 1. Let g = a + s. What is the units digit of g?
5
Let v(g) = g**3 - 3*g**2 - 2. Let a be v(2). Let l = -1 - a. Suppose -4*z + 3*t - t + 22 = 0, 0 = l*z - 2*t - 29. What is the units digit of z?
7
Let q = -44 + 62. Let a be (16/(-6))/(4/q). Let h = 19 + a. What is the units digit of h?
7
Let d = -6 + 11. Suppose p + 2*p - 38 = 2*r, d*r - 52 = -3*p. What is the tens digit of p?
1
Suppose 52 = 4*d - 20. Suppose 2*l + 4*j = d, -j - 22 - 26 = -3*l. Suppose 37 = 5*x + o, -2*o - 39 = -4*x - l. What is the units digit of x?
7
Suppose 3*a - 4*a = -192. What is the tens digit of 4/14 - a/(-14)?
1
Suppose -n - 4*n = -15. Suppose -4*s + 3*f + 12 = -19, 15 = -n*f. What is the units digit of s?
4
Suppose 0 = 13*i - 9*i - 340. Suppose 5*y - 25 = i. What is the units digit of y?
2
Let b = 1 + 3. Suppose b*k = 2*k + 20. Let r = -7 + k. What is the units digit of r?
3
Let p(u) = -u**2 + 6*u + 3. What is the units digit of p(6)?
3
Let k(p) = p**2 - 2*p - 3. Let l be k(3). Suppose 3*d + 0*n + 4*n - 40 = l, n - 28 = -3*d. What is the units digit of d?
8
Let o be 1/(4/2 + -1). Suppose y - o = -11. Let w = y - -18. What is the units digit of w?
8
Let k(o) = -2*o - 8. Let c be k(-11). Suppose -3*s + 4*v + 25 = 0, 2*s - v = -6*v - c. What is the units digit of s?
3
Let n = -312 + 459. What is the units digit of n?
7
What is the units digit of 126/4 + 2/(-4)?
1
Let g(t) = -t**3 - 4*t**2 - 3*t - 5. Let k be g(-4). Let n = k - 5. What is the tens digit of (-3)/(-2) - (-21)/n?
1
Let o = -64 - -146. What is the tens digit of o?
8
Let w(u) = -u**2 - 6*u + 2. Let v be w(-6). Suppose -5 = -v*y + 3. Let z = -1 + y. What is the units digit of z?
3
Let v = 74 - 43. What is the tens digit of v?
3
Let c = 29 + -16. What is the units digit of c?
3
Let m = 137 - 54. Suppose 4*y = d + 73, -5*y - d = -5*d - m. What is the units digit of y?
9
Let p(u) = 4*u. Let t be p(3). Suppose t - 4 = 2*m, -x + 14 = m. What is the units digit of x?
0
Let a(v) = v**3 - 7*v**2 + 3. Suppose 3*o = -0*o + 21. Let w be a(o). Suppose 3*r - 19 = -n - n, 0 = -4*r - w*n + 24. What is the units digit of r?
9
Let z(g) = -20*g**3. Suppose 3 = 2*b + 4*w - 7, -5*w + 15 = 0. What is the units digit of z(b)?
0
Suppose 2*d + 0*d + 8 = h, -3*d = -h + 12. Suppose h = 5*o - 2*o + 39. Let s = -4 - o. What is the units digit of s?
9
Suppose -3*g - 6*t + 76 = -2*t, -t + 155 = 5*g. What is the units digit of g?
2
Let i be 58/5 - 6/(-15). Let y = -3 + i. What is the units digit of y?
9
Let v(n) = -n**2 + 6*n - 4. Let t be v(4). Suppose t*q - 15 = -q. Suppose y = -q + 18. What is the units digit of y?
5
Let o = 26 + -15. What is the tens digit of o?
1
What is the tens digit of 194*2*(-2)/(-8)?
9
Suppose -72 = -5*q + 3*b + 74, 3*q - 96 = -b. What is the tens digit of q?
3
Let r = 9 - 6. Suppose -r*b - 4*i + 15 = -34, 4*i = 2*b - 6. What is the units digit of b?
1
Let y(l) = l**2 - 1. What is the units digit of y(4)?
5
Suppose -3*w = 9, 3*w + 15 = -2*g + 2. What is the tens digit of (-735)/(-28) - g/(-8)?
2
Let o be (-1 + 6/9)*-9. Suppose k + 12 = o*k. Let m = k + -2. What is the units digit of m?
4
Let t(n) = n**2 + 4*n + 3. Let h be t(-4). Suppose -h*a + 2*r + 22 = 4*r, -5*a + r = -15. Suppose 0 = 4*m + a, 3*g + 4*m - 2 = -0. What is the units digit of g?
2
Let o be (-27 + 13)/((-2)/12). What is the tens digit of o/2 - (0 + -4)?
4
Let v(a) = a**3 - 3*a**2 - 7*a - 1. Let q be v(5). Let m(c) = -c**3 + 7*c**2 + 3*c + 2. Let r be m(7). Let b = r - q. What is the units digit of b?
9
Let i(w) = -w**3 + 5*w**2 + 2. Let t be i(5). Let v(x) = -3*x - 6*x - t + 4*x. What is the units digit of v(-2)?
8
Let z = 4 + -4. Suppose -2*l - 3*l + 20 = z. Let g = 1 + l. What is the units digit of g?
5
Suppose 4*d + 1 = -7, 5*